-287*w - 20. Suppose 815 = w*d + 127. What is the remainder when d is divided by 30?
22
Let v = 28 + -7. Suppose 77*x + 118 = 2*y + 78*x, -4*y + 11*x + 80 = 0. Calculate the remainder when y is divided by v.
11
Calculate the remainder when 1651 is divided by (-25 - -31)*(68/6 - 0).
19
Suppose 2*m - 5*h = 3296, 815*m - 4939 = 812*m + 5*h. Calculate the remainder when m is divided by 50.
43
Suppose 10*c - 406 = 8*c. Let s = 229 - c. What is the remainder when s is divided by 8?
2
Suppose -37*c + 16175 = 1042. Calculate the remainder when c is divided by 104.
97
Let g(q) = -q**2 + 26*q - 18. Suppose -2*n + 4 = 0, 3*r - 8*r - 4*n = -1018. What is the remainder when r is divided by g(23)?
49
Let m = 23365 + -23023. What is the remainder when m is divided by 187?
155
Let o be (-84)/(-56) - (0 + (-1)/2). Suppose 0 = 2*r + 3*d - 81, -o*r + 5*d = 3*r - 140. Calculate the remainder when 127 is divided by r.
28
Suppose -33*r - 21 = -40*r. Suppose 649 = 4*i - r. What is the remainder when i is divided by 37?
15
Let q(f) = f**3 - 66*f**2 - 173*f - 60. What is the remainder when 4581 is divided by q(69)?
9
Suppose 6*v = -h + 9*v + 48, 0 = 3*h + v - 124. Suppose 29*o = h*o - 494. What is the remainder when o is divided by 13?
12
Calculate the remainder when (4125/(-100))/(-1*(-3)/(-4)) is divided by 31.
24
Calculate the remainder when (-31)/((-496)/(-64)) - 2*1706/(-4) is divided by 209.
13
Suppose -7 + 29 = -2*r. Suppose -92 - 62 = -7*n. What is the remainder when 16 + (r/n - 1/(-2)) is divided by 10?
6
Suppose y = -b + 4, -4*y - 73 = 5*b - 94. Calculate the remainder when 39 is divided by b.
4
Let i(h) = -h**3 - 12*h**2 - 7*h + 46. Let a be i(-11). Suppose -7*d - 138 = -3*b - 12*d, -114 = -a*b + 4*d. Calculate the remainder when 88 is divided by b.
37
Suppose -b = -j - 2*j - 13, -4*j - 13 = 3*b. Let m = -9 - j. Let d(r) = -2*r + 7. What is the remainder when 28 is divided by d(m)?
11
Let r(d) = 3*d**2 - d - 5. Let o be r(0). Let g be o/7 - (-4)/(-14). Let b(w) = 11*w**2 + w + 1. Calculate the remainder when 29 is divided by b(g).
7
Suppose 26*q - 42*q = -480. Calculate the remainder when 2034 is divided by q.
24
Let o = -193 - -46. Let i = o - -256. What is the remainder when i is divided by 14?
11
Let u = -3728 + 3894. What is the remainder when 179 is divided by u?
13
Let c = 2831 + -2162. What is the remainder when c is divided by 52?
45
Suppose -6*z - 2*h + 545 = z, -4*z - h + 311 = 0. Calculate the remainder when 293 is divided by z.
62
Let z(m) = 4*m**2 + 8*m - 4*m - 10 - 10 - 7. What is the remainder when 100 is divided by z(-5)?
47
Let w(y) = 2*y**3 - 16*y**2 + 3*y - 10. Let u be w(8). Suppose 769 = u*q - 57. Calculate the remainder when 230 is divided by q.
53
Let v(d) = 1205*d - 11945. Suppose -5*j - 7 + 22 = 0. Let z(r) = 9*r. Calculate the remainder when v(10) is divided by z(j).
24
Let w = 32 - 44. What is the remainder when 101 is divided by (6/w)/(2/(-52))?
10
Let f = -28674 - -28721. Calculate the remainder when f is divided by 39.
8
Suppose -3*j = -x - 15, 7*x = -j + 6*x + 5. Suppose -3*h + 3*o = -96, -j*h - 5*o + 110 = -0. What is the remainder when 156 is divided by h?
21
Suppose 0 = -4*i + 2*q + 8, -3*i + 7 + 12 = 5*q. Suppose 30 - 138 = -i*m. Calculate the remainder when m is divided by 7.
1
Suppose f - 4*c - 4 = 23, 4*c = -f + 3. Let t be (3 - -283)*2/2. Suppose 5*y + 71 = t. What is the remainder when y is divided by f?
13
Let m(z) = 45*z + 290. Calculate the remainder when m(5) is divided by 103.
0
Let a(y) = 2*y**2 + 19*y + 44. Let x be a(-6). Suppose -33 = -6*n + 5*n - x*s, 20 = -5*s. What is the remainder when 530 is divided by n?
38
Suppose -11*h + 297008 = 12*h - 7*h. Calculate the remainder when h is divided by 102.
101
Suppose 0 = 144*r - 36*r - 3996. What is the remainder when 71 is divided by r?
34
Suppose -d + 29 = -21. What is the remainder when -1 + 13 - 4*(-238)/(-56) - -148 is divided by d?
43
Suppose 60 = 9*f - 1146. Let p(z) = -z + 45. What is the remainder when f is divided by p(11)?
32
Let c(l) = 14*l**2 + l. Let u(n) = 7*n - 2. Let g be ((-2)/(-3))/(2/(-6) + 1). Calculate the remainder when c(-2) is divided by u(g).
4
Suppose 0 = -16*b + 14*b. Let c be 0 + -4 + 3 - b. Let a(s) = -12*s**3 + 2*s**2 + 2*s + 1. What is the remainder when a(c) is divided by 3?
1
Let u(x) = 4*x**2 - 28*x + 55. Let b = -130 + 136. What is the remainder when u(8) is divided by b?
3
Suppose -197*q + 19411 = -17222 + 8068. What is the remainder when q is divided by 130?
15
Let q = -30 + 80. Suppose -658 - 46 = -22*u. Calculate the remainder when q is divided by u.
18
Calculate the remainder when 804 is divided by ((-30)/60)/(1/(-46)).
22
Suppose 147*k - 5193 = -4*b + 152*k, b - k - 1297 = 0. Calculate the remainder when b is divided by 186.
176
Let f(n) = -n**2 - 22*n - 17. Let r be f(-14). Suppose 114 = 4*d - 0*s + 5*s, -5*s = -d + 41. Let q = r - d. Calculate the remainder when q is divided by 13.
12
Let n(a) = 8*a - 5. Calculate the remainder when n(3) is divided by 3*-1*(-22)/6.
8
Suppose -4 = -x + 1. Suppose 19 - 49 = -x*d. What is the remainder when 3 + -4 + d/(-3) - -50 is divided by 17?
13
What is the remainder when 1155 is divided by 10355/190 - (1/(-4))/(3/(-6))?
21
Suppose -3*a - 1494 + 423 = 0. Let x = a + 361. Let i(k) = k**2 + 3*k - 5. Calculate the remainder when i(-6) is divided by x.
1
Let o = -427 - -431. Suppose 4*w + 3*k + 46 = 9*w, 2*w - 10 = o*k. Calculate the remainder when w is divided by 9.
2
Let c be ((-6)/15)/(((-2)/10)/(-1)). Let m be (-175)/c + (-6 + -1)/(-14). Suppose 11*q = 3*q + m. What is the remainder when 48 is divided by q?
4
Suppose 4*h = 2*h - 16. Suppose -2*n = -22 + 4. What is the remainder when ((-396)/h - -2) + 2/4 is divided by n?
7
Let j(w) = -2*w**3 + 33*w**2 + 69*w - 3. Let c(p) = -3*p**3 + p**2 - 2*p. What is the remainder when c(-2) is divided by j(-2)?
4
Let g(p) = 13*p**3 - 165*p**2 + 91*p - 57. Calculate the remainder when g(13) is divided by 43.
39
Let l be 3/((1/20)/((-3)/(-9))). What is the remainder when 51 is divided by (l/14 - 1) + 1116/42?
24
Let s(z) = 31*z**2 - 154*z + 45. Calculate the remainder when s(-3) is divided by 263.
260
Let x(l) = -l**3 - 14*l**2 + 33*l + 32. Let y be x(-16). Suppose 13*q - y = 10. What is the remainder when 15 is divided by q?
1
Suppose -129674 + 5320 = -194*u. Calculate the remainder when u is divided by 210.
11
Suppose -8*h = -3*h + 5*g - 6120, 5*h - g = 6096. What is the remainder when h is divided by 185?
110
Let v(l) be the second derivative of -43/10*l**5 + 1/3*l**4 + 0 + 34*l + 5/6*l**3 + 0*l**2. Calculate the remainder when v(-1) is divided by 22.
19
Let n(u) = -4*u**3 - u**2 + u. What is the remainder when (-7030)/228*96/(-40) is divided by n(-2)?
22
Let h = -419 + 567. Suppose -h = -3*j + 5*r, -3*j + 5*r = 2*r - 156. What is the remainder when 58 is divided by j?
2
Let m = -6495 + 7072. Calculate the remainder when m is divided by 181.
34
Let c be (-1)/(-4) + -31*(-1)/4. Let w(v) = -v**3 + 10*v**2 - 19*v + 17. Let s be w(c). Let m = 37 + s. Calculate the remainder when 147 is divided by m.
27
Suppose 0 = -12*r + 3*r + 36. Suppose 3*t + 305 = r*u, 2*u - 389 = -3*u - 4*t. What is the remainder when u is divided by 24?
5
Suppose -4*b + 114 = 2*j, -68*b + 65*b = -2*j + 65. What is the remainder when 184 is divided by j?
12
Suppose 22*x + 24519 - 777 = 28*x. Calculate the remainder when x is divided by 17.
13
Suppose j - 5*a + 5 = -0*a, -5*j = -3*a - 63. Suppose -176 = -3*f - 2*t, -32*f - 178 = -35*f - 4*t. What is the remainder when f is divided by j?
13
Let p(k) = 12*k - 52. Let z = -12 + -9. Let v(o) = o + 28. Let s be v(z). Calculate the remainder when p(s) is divided by 17.
15
Suppose o = u - 38, 4*o + 2*u + 128 = -0*o. Let y be (-3)/(-4)*(-14 - o). Let s = 27 + y. Calculate the remainder when s is divided by 11.
9
Suppose 7*y = 12*y - 305. Let w(v) = -19*v**2 + v + y*v**3 + 0*v + 17*v**2. Calculate the remainder when w(1) is divided by 21.
18
Let f = -25 - -54. Let x be 10/30 + (-160)/(-6). Suppose 7*r = 92 + x. What is the remainder when f is divided by r?
12
Let c = 3783 - 3424. Calculate the remainder when c is divided by 147.
65
Let x be 4/(-10)*(-5 + -5). Let l(n) = -n - 1. Let p be l(-3). Suppose -p*m + v = -45, -28 - 41 = -x*m - 5*